109, 17783
What are the prime factors of 697404310?
2, 5, 19, 3670549
What are the prime factors of 757512320?
2, 5, 1183613
What are the prime factors of 663303112?
2, 73, 409, 2777
What are the prime factors of 108136274?
2, 37, 1461301
What are the prime factors of 1270224320?
2, 5, 3969451
List the prime factors of 1008641927.
43, 23456789
What are the prime factors of 282079118?
2, 59, 283, 8447
What are the prime factors of 9413125613?
23, 409266331
List the prime factors of 40319250.
2, 3, 5, 53759
List the prime factors of 1227154765.
5, 23, 37, 288403
What are the prime factors of 9151825336?
2, 29, 47, 67, 12527
What are the prime factors of 8548563?
3, 113, 151, 167
What are the prime factors of 181970306?
2, 7, 53, 103, 2381
List the prime factors of 134992450.
2, 5, 953, 2833
What are the prime factors of 2809344588?
2, 3, 17, 13771297
List the prime factors of 161029007.
161029007
List the prime factors of 3521591.
61, 57731
What are the prime factors of 72252926?
2, 79, 557, 821
What are the prime factors of 21503168?
2, 79, 4253
List the prime factors of 959604187.
2549, 376463
List the prime factors of 6847070239.
71, 96437609
List the prime factors of 268516393.
107, 2509499
List the prime factors of 43218820.
2, 5, 199, 10859
What are the prime factors of 1096927581?
3, 29, 89, 141667
What are the prime factors of 13287007?
13287007
What are the prime factors of 5096641632?
2, 3, 53090017
What are the prime factors of 113545476?
2, 3, 11, 31859
List the prime factors of 14510651.
43, 337457
What are the prime factors of 59735117?
13, 23, 199783
List the prime factors of 170596391.
7, 3481559
What are the prime factors of 134912192?
2, 2108003
List the prime factors of 291046686.
2, 3, 7, 1447, 4789
What are the prime factors of 3389620593?
3, 41, 193, 142787
List the prime factors of 3726577064.
2, 7, 6911, 9629
List the prime factors of 762391636.
2, 593, 321413
What are the prime factors of 1489864120?
2, 5, 37246603
List the prime factors of 6932543228.
2, 13, 1481, 90019
List the prime factors of 281406843.
3, 3463, 9029
What are the prime factors of 32555407?
32555407
What are the prime factors of 41979660?
2, 3, 5, 97, 7213
What are the prime factors of 47934430?
2, 5, 311, 15413
What are the prime factors of 689290941?
3, 10973, 20939
List the prime factors of 11786656.
2, 7, 7517
List the prime factors of 18176738.
2, 9088369
What are the prime factors of 221198307?
3, 11, 6702979
What are the prime factors of 1721475612?
2, 3, 29, 549641
List the prime factors of 2341055598.
2, 3, 7, 23, 2423453
What are the prime factors of 317092296?
2, 3, 17, 777187
What are the prime factors of 415430396?
2, 43, 2415293
List the prime factors of 410423936.
2, 13, 18973
What are the prime factors of 86812326?
2, 3, 4822907
What are the prime factors of 77670141?
3, 37, 61, 11471
What are the prime factors of 236408?
2, 29, 1019
List the prime factors of 45898091.
19, 2415689
List the prime factors of 3419555408.
2, 213722213
What are the prime factors of 7420418?
2, 3710209
List the prime factors of 65838255.
3, 5, 7, 607, 1033
List the prime factors of 305668224.
2, 3, 265337
What are the prime factors of 124056317?
7, 11, 347, 4643
What are the prime factors of 407052361?
151, 2695711
What are the prime factors of 1732619149?
151, 661, 17359
List the prime factors of 106064819.
7, 17, 53, 67, 251
What are the prime factors of 2487199780?
2, 5, 13, 491, 19483
What are the prime factors of 145274337?
3, 13, 413887
What are the prime factors of 97669917?
3, 10852213
List the prime factors of 18041834.
2, 9020917
List the prime factors of 2226863033.
15271, 145823
What are the prime factors of 15356890?
2, 5, 1535689
What are the prime factors of 523320410?
2, 5, 53, 71, 13907
List the prime factors of 88186909.
31, 2844739
What are the prime factors of 146480789?
7, 13, 17, 94687
What are the prime factors of 111519567?
3, 829, 14947
List the prime factors of 1093819448.
2, 29, 769, 6131
List the prime factors of 979050412.
2, 1637, 149519
What are the prime factors of 36574309?
1709, 21401
What are the prime factors of 376215764?
2, 94053941
What are the prime factors of 78753691?
78753691
What are the prime factors of 84079573?
67, 293, 4283
What are the prime factors of 3414539625?
3, 5, 7, 487, 2671
What are the prime factors of 8241423579?
3, 1151, 795581
List the prime factors of 131218254.
2, 3, 487, 14969
What are the prime factors of 7478558436?
2, 3, 623213203
What are the prime factors of 1392367167?
3, 17, 127, 131, 547
List the prime factors of 158865544.
2, 17, 229, 5101
List the prime factors of 3298005015.
3, 5, 17, 101, 128053
List the prime factors of 3863167717.
257, 15031781
List the prime factors of 796275427.
17, 19, 1451, 1699
List the prime factors of 508023016.
2, 373, 170249
What are the prime factors of 180022003?
7, 25717429
What are the prime factors of 83252989?
131, 635519
List the prime factors of 1150299405.
3, 5, 25562209
What are the prime factors of 3751001874?
2, 3, 23, 61, 148531
What are the prime factors of 1492146398?
2, 367, 839, 2423
List the prime factors of 408535160.
2, 5, 11, 17, 54617
What are the prime factors of 7353241146?
2, 3, 397, 1029001
What are the prime factors of 4764978925?
5, 7, 27228451
What are the prime factors of 3041922594?
2, 3, 41, 12365539
List the prime factors of 84467500.
2, 5, 13, 23, 113
List the prime factors of 61063843.
73, 836491
What are the prime factors of 2962084982?
2, 757, 773, 2531
List the prime factors of 1240975138.
2, 13, 179, 266647
List the prime factors of 1594997843.
967, 1649429
List the prime factors of 29309878.
2, 13, 1127303
List the prime factors of 56398757.
43, 1311599
List the prime factors of 685331349.
3, 19, 12023357
List the prime factors of 38107118.
2, 7, 163, 16699
List the prime factors of 11068300.
2, 5, 151, 733
List the prime factors of 394882762.
2, 197441381
List the prime factors of 2549372068.
2, 637343017
What are the prime factors of 115982446?
2, 57991223
List the prime factors of 468990390.
2, 3, 5, 11, 17, 41, 2039
List the prime factors of 1050063592.
2, 59, 193, 11527
List the prime factors of 1891571501.
1891571501
List the prime factors of 1492764859.
41, 1327, 27437
List the prime factors of 241407688.
2, 419, 72019
What are the prime factors of 162646689?
3, 3853, 14071
List the prime factors of 11495838.
2, 3, 1051, 1823
What are the prime factors of 155347965?
3, 5, 163, 21179
List the prime factors of 36385065.
3, 5, 269519
What are the prime factors of 439634725?
5, 17585389
List the prime factors of 222972204.
2, 3, 7, 13, 17, 12011
List the prime factors of 376824966.
2, 3, 7, 8972023
What are the prime factors of 599385482?
2, 79, 181, 20959
List the prime factors of 832904788.
2, 208226197
What are the prime factors of 3550949273?
17, 19, 131, 83921
List the prime factors of 1477594196.
2, 13, 29, 79, 157
List the prime factors of 183783341.
7, 26254763
What are the prime factors of 5983800625?
5, 11, 19, 2411
List the prime factors of 2285414027.
13, 175801079
List the prime factors of 1169583669.
3, 139, 934919
List the prime factors of 223266204.
2, 3, 7, 885977
List the prime factors of 1567071270.
2, 3, 5, 59, 199, 1483
What are the prime factors of 108852004?
2, 4651, 5851
List the prime factors of 246300747.
3, 7, 11, 1066237
List the prime factors of 6493849751.
53, 122525467
List the prime factors of 47856541.
79, 605779
List the prime factors of 120650713.
1031, 117023
What are the prime factors of 27329097?
3, 277, 32887
What are the prime factors of 1253193368?
2, 7, 863, 25931
List the prime factors of 5530300472.
2, 691287559
List the prime factors of 6476321.
19, 340859
What are the prime factors of 307662926?
2, 743, 207041
List the prime factors of 581941693.
131, 4442303
What are the prime factors of 76123019?
7, 41, 5413
What are the prime factors of 95099260?
2, 5, 4754963
What are the prime factors of 827934947?
7, 157, 753353
What are the prime factors of 133657563?
3, 13, 67, 51151
List the prime factors of 52195188.
2, 3, 23, 281, 673
What are the prime factors of 592674247?
11, 17, 29, 293, 373
List the prime factors of 569568401.
379, 1502819
List the prime factors o